+ 8*o - 8. Let f(a) = a**3 - 7*a**2 + 7*a - 7. Let y(k) = 4*f(k) - 3*n(k). Give y(3).
-1
Let v(y) = 2*y**2 - y + 1. Let l(w) = 5*w**2 - 9*w + 2. Let t(o) = o**2. Let n(q) = l(q) - 4*t(q). Let i be n(9). What is v(i)?
7
Let z(j) = -7*j**3 - 6*j**2 - 12*j + 8. Let b(v) = 4*v + 2. Let l be b(-2). Let m(d) = 20*d**3 + 18*d**2 + 35*d - 23. Let u(s) = l*m(s) - 17*z(s). Give u(-5).
7
Let y(b) be the third derivative of -b**4/24 - b**3/6 - 7*b**2. Determine y(1).
-2
Let q(r) = -2 - r**3 + 7*r**2 + 5 + 2*r**3 + 4 + 7*r. What is q(-6)?
1
Let r(w) = -2*w + 6. Let h = 18 - 8. Suppose -3*d + h = 5*l - 3, -3*l + 5*d + 35 = 0. Determine r(l).
-4
Let m be 15/21 + 8*6/168. Let p(q) = -4*q - 1. Give p(m).
-5
Let i(y) be the second derivative of -y**5/20 - 5*y**4/12 - y**3/6 - y**2/2 - 3*y. What is i(-4)?
-13
Suppose 2*b - 49 = -5*b. Let c(w) = w**3 + 5*w**2 + 6. Let q be c(-5). Let p(a) = -b*a**3 + a + 4*a**3 + q*a**2 + 2*a**3. Determine p(6).
6
Let k(f) = -f**2 + f - 1. Let g(c) = -2*c**3 - 2*c + 5. Let x(q) = g(q) + 3*k(q). Let v(r) = -3*r**3 - 14*r**2 + 4*r - 7. Let w be v(-5). Give x(w).
4
Let b(p) be the second derivative of -p**4/12 + p**3/3 + 2*p**2 - p. Let n be (72/60)/((-1)/20). Let g = n - -27. What is b(g)?
1
Let i = 10 + -8. Let w(d) = 1 + 0*d**i + d**2 - 5 + 2. Let m = 5 + -7. Calculate w(m).
2
Let v(t) be the third derivative of t**6/120 - t**5/60 - t**4/12 - t**3/3 + 7*t**2. Give v(-2).
-10
Let x(l) = 2*l + 4. Let g be (-16)/24*6/1. Calculate x(g).
-4
Let a(r) = -r**2 - 2*r + 7. Let s(w) = 2*w**2 + 3*w - 14. Let k(o) = 5*a(o) + 2*s(o). What is k(-6)?
-5
Let w(d) = -10*d - 6. Let u(q) = -5*q - 3. Let t(k) = -11*u(k) + 6*w(k). Let y = -6 + 2. Calculate t(y).
17
Let w(c) = -c**3 + 5*c**2 + 6*c - 2. Let y(z) = -z**3 + 7*z**2 + 8*z + 4. Let h be y(8). Suppose o - 6*o - 5*d + 20 = 0, -o = h*d + 2. Calculate w(o).
-2
Suppose -3 = -i - 1. Let d = i - -3. Let w(u) = d - 1 - 35*u + 36*u. What is w(-4)?
0
Let h(z) be the first derivative of -1/4*z**4 - 4/3*z**3 + z - 1/2*z**2 - 1. Determine h(-4).
5
Let r(j) be the second derivative of j**4/12 + 2*j**3/3 + j**2/2 + 15*j + 2. What is r(-6)?
13
Let g(i) = 9*i**2 - 4*i**2 - 6*i**2 + 5*i. Suppose -x + 6 = 2. Determine g(x).
4
Let v(b) = 40 + 39 + 2*b - 76. Give v(-5).
-7
Let f(q) = -6*q**2 - 2*q - 3. Let j(z) = 5*z**2 + 2*z + 4. Let d = 9 - 6. Let h(k) = d*f(k) + 2*j(k). Determine h(-1).
-7
Let w(n) be the third derivative of n**4/24 + n**3 + 2*n**2. Let s be w(-7). Let f(q) = 4*q - 1. Give f(s).
-5
Let j(s) be the second derivative of s**4/6 + s**3/2 - s**2/2 - 11*s. Suppose -6*v - 15 = -v. Give j(v).
8
Let z = -15 + 10. Let a(v) = -9*v**2 + v + 3. Let n(m) = 14*m**2 - 2*m - 4. Let i(r) = z*n(r) - 8*a(r). Let k(g) = -g + 2. Let h be k(5). What is i(h)?
8
Let o(c) = -5*c + 3. Suppose 0*n + 4*n - 16 = 0. Let a be n*4/16 + 2. What is o(a)?
-12
Let a(j) = j**3 - 7*j**2 + 5*j - 5. Let u = -94 + 100. What is a(u)?
-11
Let s(b) = -b + 1. Suppose -z - 2*z = 0. Let c(m) = -m**2 - 5 + 2 + 1. Let v be c(z). Determine s(v).
3
Let m be 1/(-1) + 1 + 3. Let h(w) = 4*w**2 - m*w**3 - 2*w**3 - 6 - 6*w + 6*w**3. Calculate h(-5).
-1
Suppose 7*j - 6 = 4*j. Let m(l) = -25*l**2 + 2 - 3 + 22*l**j. What is m(2)?
-13
Let k(p) be the second derivative of p**4/12 + p**3/6 + p. Let l = 1 + 2. Give k(l).
12
Suppose 3*w + 2*w = -2*h + 70, -5*w + 3*h = -70. Let y = w + -9. Suppose 0 = -y*c + 7 - 2. Let b(f) = 5*f**2 - f. What is b(c)?
4
Let y(g) = g**2 - 6*g + 2. Let i be y(4). Let k(o) = o + 7. What is k(i)?
1
Let d(z) be the second derivative of z**6/360 + z**5/24 - z**4/24 - 4*z**3/3 - 3*z. Let x(g) be the second derivative of d(g). What is x(-5)?
-1
Let k(j) be the second derivative of -j**3/3 - 5*j**2 + 5*j. Let s be k(-7). Let f(p) = -p**3 + 5*p**2 - 3*p + 4. Determine f(s).
8
Let x(v) = -v**3 - v**2 + 3*v - 3. Let r(d) = -d**2 + 9*d - 8. Let o be r(7). Let w be -6*(-1)/o*-4. Let c be 22/(-6) - w/6. Give x(c).
6
Let c(h) = h**3 + 2*h**2 - h. Let z(o) = o**2 + 7*o + 2. Let x be z(-5). Let a(t) = -2*t**3. Let y be a(1). Let k be (-13 - x)*y/10. Determine c(k).
2
Let v(c) = -c - 2. Suppose -a + 2*t + 1 = 0, -3*a - 4*t + 23 = -0*t. Let z = a - 8. Let s be (z + 0)/(1/1). What is v(s)?
1
Let m(g) = 3*g + 9. Let b = -14 - -8. Give m(b).
-9
Let k(v) = -4*v + 4. Suppose 5*o = -5*p + 35, 4 = 9*o - 8*o. Calculate k(p).
-8
Let a = 162 + -167. Let s(m) = m - 1. Let o(z) = 6*z - 6. Let d(f) = o(f) - 5*s(f). What is d(a)?
-6
Suppose -5*x = 12 + 3. Let d(i) = i**2 + 3*i + 4. Give d(x).
4
Let s(k) = -12*k - 1. Let t = 17 + -18. Calculate s(t).
11
Let q(j) = -10*j**3 + 2*j**2 + j. Suppose -86*w + 85*w = 1. Give q(w).
11
Let w(l) = -2*l**2 + 9*l - 8. Let q be w(6). Let k = 29 + q. Let u(m) = -4 + m - 3*m + 7 - m**2. Determine u(k).
-12
Let j(r) = 7*r**3 + 2*r**2 - 1. Let g(w) be the first derivative of -3/2*w**2 - 1/3*w**3 + w + 1/4*w**4 + 4. Let q be g(2). Give j(q).
-6
Let v be 1*(1 - 1)/(-2). Let j be 1 + 0 + -1 + v. Let y(l) = 139*l + 9 - 138*l - 3. Give y(j).
6
Suppose -4*d - 20 = 0, 4*d + 20 = 3*l - 3. Let z(t) = 4*t - 1. Give z(l).
3
Let z(d) = -2 + d + 1 + 1 + 3*d**2. Let y = 2 - 3. Give z(y).
2
Let s = -6 - -9. Let m = -7 + s. Let j(k) be the first derivative of k**4/4 + 5*k**3/3 + 5*k**2/2 + 3*k - 1. What is j(m)?
-1
Let p = 24 + -19. Suppose 2*v - 4*l = 10, 5*v - 7 = -2*l + 3*l. Let b(g) = -2*g + g - v - 1 + p. Give b(-3).
6
Let h(s) = 0 - 2*s**3 - 3 + s**2 + 2*s + 2 + 2. Calculate h(-1).
2
Let t = 2 + -7. Let j(a) = -a**3 + 7*a**2 + a. Suppose 2*h + 0 = 4. Let l(n) = n**3 - n**2 - 1. Let y(o) = h*l(o) + j(o). Determine y(t).
-7
Suppose -2*q + 6*q = 8. Let p be 1 + 2/(1 - -1). Let n(w) = p*w + 1 - 7*w + 5 + w**q. Give n(5).
6
Suppose -6*v - 4 = -28. Let d(k) = -k**2 + 5*k - 5. Determine d(v).
-1
Let n = -3 - -7. Suppose -n*u = -0*u - 24. Let i be -1 - 2 - u/(-1). Let k(h) = h**3 - 3*h**2 - h + 4. Give k(i).
1
Let o be (7/((-105)/(-6)))/((-5)/(-25)). Let l(n) be the first derivative of -3*n**2 + 1/3*n**3 - o - 5*n. Determine l(6).
-5
Suppose 2*o - 3*x - 22 = -3*o, -3*x = 5*o + 2. Let k(d) = 4*d - 7*d + o*d - d**2. Calculate k(2).
-6
Let g(m) = 4*m + 7. Let h(u) be the second derivative of 5*u**3/6 + 4*u**2 - u. Let z be (-4)/(-10) - 23/(-5). Let p(i) = z*h(i) - 6*g(i). Give p(2).
0
Suppose 23*n = 18*n. Let s(h) = -h**3 - 2*h**2 - 4*h - 3. Let b be s(-2). Let g(a) = -a**2 + 3*a**3 - 2*a**3 + 0*a**3 + b - a. Give g(n).
5
Let t(p) be the second derivative of -p**4/12 - p**3/6 - p**2/2 + 10*p. Determine t(-1).
-1
Let w(k) = -k**3 + 5*k**2 - 2*k - 2. Let j be w(4). Let t(z) = -z + 9. Determine t(j).
3
Let q(g) be the first derivative of 15*g**4/4 - g**3/3 + g - 4. Determine q(1).
15
Suppose -12 = 4*n - 4*w, 0 = -3*n + 5*w - 6 - 9. Let d(m) be the third derivative of -1/3*m**3 + n + 1/24*m**4 + 0*m - 2*m**2. Give d(0).
-2
Let g(x) = x**2 + 5*x + 6. Let s(o) = 2*o**3 + 13*o**2 + 8*o + 8. Let r be s(-6). Calculate g(r).
2
Let y(w) = -7*w**2 + 2*w + 5. Let l(a) = 8*a**2 - 2*a - 6. Let v(b) = 4*l(b) + 5*y(b). Let s be -2*(4/(-24) - (-4)/6). What is v(s)?
-4
Let d(b) = -2 - 2*b - 2*b**3 - 2*b**2 + 0*b**2 + 0*b. Let u(o) = -3*o + 10. Let k be u(4). What is d(k)?
10
Let n(h) = -2*h**2 + 2*h + 2. Let m(u) = -u**3 + 6*u**2 + 2. Let j be m(6). Calculate n(j).
-2
Let y(z) = z**3 + 9*z**2 - 10*z + 9. Let k be y(-10). Let u be (9 - k)/(2/1). Let j(q) = -q - 4 + 0*q + u*q. Determine j(-3).
-1
Let l(f) be the third derivative of 1/12*f**4 - 1/60*f**5 + 3*f**2 + 0 + 1/6*f**3 + 0*f. Calculate l(2).
1
Let d(h) be the third derivative of h**4/24 + h**3/2 + 17*h**2. Calculate d(0).
3
Suppose -5*m - i = -4*i - 52, 0 = -5*m + 4*i + 56. Let u = 13 - m. Let y(l) be the second derivative of -l**3/3 + 3*l**2/2 - l. Give y(u).
-7
Let c = -9 + 9. Let x(o) = -o**3 - o - 7. Give x(c).
-7
Let q(p) be the third derivative of -p**9/30240 + p**8/6720 - p**7/2520 + p**6/240 - p**5/15 + 2*p**2. Let v(i) be the third derivative of q(i). Calculate v(2).
-5
Let c(z) = -2 - 5*z**2 + z**3 + 6*z**2 - z**2 + 2*z - 5*z**2. Let v = 23 + -11. Let o = v + -7. What is c(o)?
8
Let r(k) = k**2 + k - 1. Let w(f) = f**2 - 5*f + 2. Let z be w(4). Let t be r(z). Let x(g) be the first derivative of g**4/4 + g**3/3 - g - 5. Calculate x(t).
1
Let o(u) = 0*u**2 - 4 - 3*u**2 + 4*u**2 + 4*u + 1. What is